{"id":1449,"date":"2020-08-18T07:47:54","date_gmt":"2020-08-18T07:47:54","guid":{"rendered":"http:\/\/35.228.116.243\/?page_id=1449"},"modified":"2020-08-24T12:00:33","modified_gmt":"2020-08-24T09:00:33","slug":"suoritustaso-fi","status":"publish","type":"page","link":"https:\/\/www.metce.fi\/?page_id=1449","title":{"rendered":"Suoritustaso.fi"},"content":{"rendered":"\n<h1>SUORITUSTASO.FI<\/h1>\n\n\n\n<div style=\"height:30px\" aria-hidden=\"true\" class=\"wp-block-spacer\"><\/div>\n\n\n\n<p><strong><strong>Certo\u00ae -ohjelman tuottamat suoritustasoilmoitukset voi julkaista napin painalluksella www.suoritustaso.fi \u2013palvelussa.<\/strong><\/strong><\/p>\n\n\n\n<div class=\"wp-container-1 wp-block-buttons\">\n<div class=\"wp-block-button is-style-fill\"><a class=\"wp-block-button__link has-white-color has-text-color has-background no-border-radius\" href=\"http:\/\/www.suoritustaso.fi\" style=\"background-color:#2d97bf\" target=\"_blank\" rel=\"noreferrer noopener\">Suoritustaso.fi<\/a><\/div>\n<\/div>\n\n\n\n<p>Euroopan Komission delegoitu asetus (EU) N:o 157\/2014 m\u00e4\u00e4rittelee edellytykset, jotka koskevat rakennustuotteiden suoritustasoilmoituksen asettamista saataville verkkosivulla.<\/p>\n\n\n\n<p><strong>Certon k\u00e4ytt\u00e4m\u00e4 Suoritustaso.fi-palvelu t\u00e4ytt\u00e4\u00e4 kaikki asetuksen vaatimukset:<\/strong><\/p>\n\n\n\n<ul><li>Suoritustasoilmoituksen sis\u00e4lt\u00f6\u00e4 ei voi muuttaa sen j\u00e4lkeen, kun ilmoitus on asetettu saataville suoritustaso.fi \u2013verkkosivulla<\/li><li>Sivustoa pidet\u00e4\u00e4n yll\u00e4 siten, ett\u00e4 kyseinen verkkosivu ja suoritustasoilmoitukset ovat jatkuvasti rakennustuotteiden vastaanottajien saatavilla<\/li><li>Suoritustasoilmoitus on maksutta rakennustuotteiden vastaanottajien saatavilla v\u00e4hint\u00e4\u00e4n kymmenen vuoden ajan sen j\u00e4lkeen, kun rakennustuote on saatettu markkinoille<\/li><li>Rakennustuotteiden vastaanottajille annetaan ohjeet verkkosivun ja sill\u00e4 saatavilla olevien kyseisi\u00e4 rakennustuotteita koskevien suoritustasoilmoitusten k\u00e4yt\u00f6st\u00e4 Certo\u00ae -ohjelmasta saatavan CE-merkin avulla<\/li><li>Jokainen Certo\u00ae -ohjelmalla luotu tuote tai saman tuotteen er\u00e4 voidaan yhdist\u00e4\u00e4 tiettyyn suoritustasoilmoitukseen automaattisesti ohjelmasta generoituvalla tuotetyypin yksil\u00f6llisell\u00e4 tunnisteella<\/li><\/ul>\n\n\n\n<p><\/p>\n","protected":false},"excerpt":{"rendered":"<p>Suoritustaso.fi -palvelun avulla voit helposti julkaista Certo-sovelluksen avulla luodut suoritustasoilmoituksesi (DoP).<\/p>\n","protected":false},"author":4,"featured_media":0,"parent":0,"menu_order":0,"comment_status":"closed","ping_status":"closed","template":"","meta":{"spay_email":""},"_links":{"self":[{"href":"https:\/\/www.metce.fi\/index.php?rest_route=\/wp\/v2\/pages\/1449"}],"collection":[{"href":"https:\/\/www.metce.fi\/index.php?rest_route=\/wp\/v2\/pages"}],"about":[{"href":"https:\/\/www.metce.fi\/index.php?rest_route=\/wp\/v2\/types\/page"}],"author":[{"embeddable":true,"href":"https:\/\/www.metce.fi\/index.php?rest_route=\/wp\/v2\/users\/4"}],"replies":[{"embeddable":true,"href":"https:\/\/www.metce.fi\/index.php?rest_route=%2Fwp%2Fv2%2Fcomments&post=1449"}],"version-history":[{"count":6,"href":"https:\/\/www.metce.fi\/index.php?rest_route=\/wp\/v2\/pages\/1449\/revisions"}],"predecessor-version":[{"id":1605,"href":"https:\/\/www.metce.fi\/index.php?rest_route=\/wp\/v2\/pages\/1449\/revisions\/1605"}],"wp:attachment":[{"href":"https:\/\/www.metce.fi\/index.php?rest_route=%2Fwp%2Fv2%2Fmedia&parent=1449"}],"curies":[{"name":"wp","href":"https:\/\/api.w.org\/{rel}","templated":true}]}}